-4*d + 8, 3*d = x + 25. Let z = m - d. Let v(c) = c**3 - c**2 - 3*c - 2. Give v(z).
-8
Let p(i) = 13*i + 4*i**2 - 4 + 22*i**3 - 23*i**3 - 8*i**2. Calculate p(-6).
-10
Suppose -8*c + 4 = -4. Let a(r) = r**3 - r. Let d(j) = -14*j**3 - j**2 + 3*j + 1. Let k(h) = c*d(h) + 4*a(h). Give k(1).
-11
Suppose 0*w - 3*w + 15 = 0. Let k be 6/w*20/6. Suppose 11 = -v + k*n, -5*n + 2 + 28 = 2*v. Let y(q) = -q**3 + 6*q**2 - 3*q - 6. What is y(v)?
4
Let a(i) be the second derivative of -25*i**4/12 - i**3/3 - i**2/2 + 51*i. Calculate a(-1).
-24
Let b(t) = 3*t - 2 - t**3 + 6*t + 9*t**2 - 2*t**2. Suppose -5*r + 53 - 70 = f, -10 = 2*r. Determine b(f).
6
Let t be ((-7)/(-2))/((-4)/(-8)). Suppose -11*q = -t*q - 24. Let m(s) = -s**3 + 7*s**2 - 7*s + 8. Calculate m(q).
2
Let m(b) = -b**3 + 10*b**2 + 10*b + 13. Suppose 0 = -s + 21*s - 220. What is m(s)?
2
Suppose -5 = -5*k, -47 + 27 = 4*a + 4*k. Let c(r) = -r**2 - 8*r - 6. Give c(a).
6
Let k(x) = -8*x - 14. Let z be k(-4). Suppose -3*h - z - 3 = 0. Let u(b) = b**3 + 7*b**2 + b - 7. What is u(h)?
-14
Let p(r) = r**2 - 6*r + 2. Let q(w) = 2*w**3 - 10*w**2 - 11*w. Let m be q(8). Suppose m = z - 46. Let i be (-2)/9 + z/81. Give p(i).
-6
Let o = 17549/12 + -1462. Let z(c) be the second derivative of -1/6*c**3 + 0*c**2 + 0 + 8*c + o*c**4. Determine z(1).
4
Let i = -31 + 51. Suppose 0 = -0*h + 2*h - 4*g + i, h + 4*g = 8. Let k(z) be the third derivative of -z**4/8 + z**3/6 - z**2. What is k(h)?
13
Let a(b) be the third derivative of b**4/24 - 11*b**3/6 - 8*b**2 + 3*b. Calculate a(10).
-1
Let k(m) be the first derivative of -m**2/2 + 276. Give k(4).
-4
Let x(c) be the first derivative of -c**5/10 - c**3/3 - 1. Let n(j) be the third derivative of x(j). Give n(-1).
12
Let t(y) be the third derivative of -y**4/6 - y**3/2 - 224*y**2. Calculate t(4).
-19
Let t(k) = 2*k + 7. Suppose 0 = 12*n + 60 + 24. Determine t(n).
-7
Suppose 0 = 2*o + 2*o + 28. Let s(f) = -5*f**3 - 5*f**2 - 14*f - 13. Let p(i) = 14*i**3 + 13*i**2 + 40*i + 38. Let z(t) = -6*p(t) - 17*s(t). Determine z(o).
7
Let f(q) = -3*q**3 + 2*q + 1. Suppose 4*r + 2*h - 10 = 0, -4*r + 4*h = -5*r - 15. Suppose -w = -6*w - 3*u - r, 3 = -3*w - 2*u. Give f(w).
2
Let t(l) = l**2 - 8*l - 2. Suppose 0 = 48*w - 672 + 240. Calculate t(w).
7
Let j(y) be the first derivative of 15*y + 19 - 1/2*y**2. Let t(i) = -i**3 - 8*i**2 - i - 1. Let o be t(-8). Calculate j(o).
8
Let n(i) be the third derivative of -i**6/240 + i**5/60 + 5*i**4/4 - 19*i**2. Let h(r) be the second derivative of n(r). What is h(-4)?
14
Let m(p) = -4*p**2 + 20*p + 17. Let c be m(6). Let o(q) = -q**2 - 4*q - 1. Calculate o(c).
-22
Let n be 16 - 0 - (3 - 1). Let q be -2 - (n/(-2) - -3). Let l(o) = 2*o**3 + q*o - 1 - o**3 - 3*o**2 + 2. Calculate l(2).
1
Let h(l) = -l**2 - 9*l - 16. Let m be h(-7). Let z(k) = -7*k**2 - 9*k + 15. Let t(j) = 3*j**2 + 5*j - 7. Let c(n) = m*z(n) - 5*t(n). Determine c(-7).
5
Suppose 0*l + 2*l = 10. Suppose 0*c - 80 = -l*c. Suppose -c = g + 3*g. Let y(h) = -h - 7. Determine y(g).
-3
Let w = -368 + 355. Let n(h) = h**2 + 11*h - 32. Give n(w).
-6
Let o(c) = -27*c - 26*c - 1 - 27*c + 79*c + 18*c**2. What is o(-1)?
18
Let f(a) = -a**3 - 7*a**2 - 10*a - 25. Let z be f(-6). Let s(d) be the first derivative of -3*d**2 + 2. Give s(z).
6
Let d(r) be the second derivative of -9*r**5/20 + r**3/6 + 3*r + 218. Suppose 3 = -3*c - l, 0*l - l = -3*c - 3. What is d(c)?
8
Let x = 3 + 1. Suppose 0 = 42*g - 45*g + 6. Let o(i) = -2*i + i**2 + g*i + 4*i - x. Calculate o(-5).
1
Let r(y) = y**3 - 4*y**2 - 7*y + 11. Suppose -2*f - 2*u = 0, -3*f - 3*u = -u - 5. Give r(f).
1
Let k(w) be the second derivative of w**5/20 - 7*w**4/6 - w**2/2 - 133*w. Give k(14).
-1
Let x = -192 + 195. Let b(a) = -a**2 + 4*a + 3 - 11 - 3*a + 7. Calculate b(x).
-7
Let v(p) = 0*p + 3 - 2*p - 4*p + 11*p**2 - p**3 - 4*p**2. Let i be (-1168)/(-219)*(-9)/(-8). Determine v(i).
3
Let g(k) be the first derivative of -k**2 - 21*k + 40. Let u be g(-9). Let m(h) = -h**3 - 3*h**2 - 5*h - 4. Give m(u).
11
Suppose -6*g = -4*g - 40. Let d = -34 + g. Let p = -18 - d. Let i(u) = 2*u + 2. Give i(p).
-6
Let i(m) = -70*m - 37*m**3 + 70*m + 38*m**3 + 6*m**2. Give i(-6).
0
Let q(s) be the first derivative of s**6/360 - 3*s**5/40 - s**4/24 - 13*s**3/3 + 31. Let t(z) be the third derivative of q(z). Give t(8).
-9
Let d(v) = -v - 1. Let m be 1/(-3) - 30/(-9). Let y(z) = -34 - 30 - 35 + 100 + z. Let a(s) = m*d(s) + 4*y(s). Give a(-6).
-5
Let o(k) be the second derivative of 0 + 0*k**2 - 5*k - 5/6*k**3. What is o(-2)?
10
Let i(v) = 5*v**3 + v**2 + 2*v - 3. Let t be i(1). Let a(b) = b + 15. Let x(r) = -2*r - 23. Let j(d) = t*x(d) + 8*a(d). Determine j(9).
-13
Let k be (3/12)/(7/56). Let y(z) = 0 - k*z - 2 - 2*z + 3*z. Determine y(4).
-6
Let p be 66/14 - (-26)/91. Suppose -26 = k + p*y - 8, 16 = 2*k - 3*y. Let r(s) = -2*s**3 + 3*s**2. Give r(k).
-4
Let c(h) = -2*h**2 - h + 12. Let d = -1708 + 1703. Determine c(d).
-33
Let n(z) = -18*z. Let p = 35 + -33. Give n(p).
-36
Let n = 21 - 17. Suppose m = 4*u + 17, n*m = -5*u + 5 - 0. Let j(r) = r**3 + 3*r**2 - r - 2. What is j(u)?
1
Suppose -4 = 3*y + o, 5*o = 5*y - 19 - 1. Let r = 4 + -7. Let m be r + y - (-6 + 2). Let b(i) = 2*i**2 - i + 1. Calculate b(m).
2
Let d be -3 - (-30 + (-4 - 0)). Let m(l) = -d - l + 3*l + 22 + 16. Give m(-8).
-9
Let u(j) = -167 - 156 + 481 + 26*j - 157 + 24*j. Give u(1).
51
Let q(t) be the second derivative of t**4/6 - t**2/2 + t. Let s be 0/3 + (-18)/(-2). Let i = s + -7. What is q(i)?
7
Let i(f) be the third derivative of 1/4*f**4 + 0*f - 1/60*f**5 - 11*f**2 + 0 - 1/2*f**3. Suppose -5*g - 4*j + 41 = 0, -2*g = -7*g + j + 21. Determine i(g).
2
Let f(c) = c**3 - 6. Suppose -n = -5*k + 29, 3*k - 2*n = 10 + 13. Suppose -3*u - 5 = -d - 8*u, -2*d = -k*u + 5. Give f(d).
-6
Suppose m - 120 = 11*m. Suppose -3*s - 37 = -2*b, -s + 3*b - 2*b = 13. Let z = m - s. Let w(y) = 4*y**3 - y**2 - 2*y - 1. Determine w(z).
-4
Suppose -13*m - 2 = -2. Let p(v) be the third derivative of 1/24*v**4 - 1/6*v**3 - 3*v**2 + 0 + 0*v. Give p(m).
-1
Let b(q) = q**3 + 4*q**2 - 7*q - 7. Let m be (-1*1)/((-113)/(-565)). Determine b(m).
3
Let a(d) = 3*d**2 - d + 0*d + 2*d**2. Suppose -8 = 4*k, -12 = 2*q + 4*k - 2. Determine a(q).
6
Let y(i) = -i**2 + 10*i - 6. Let q(m) = -3*m - 23. Let h be q(-10). Determine y(h).
15
Let j(a) = -1 + 2 + 2*a - 4*a**3 - 2*a**2 + 2*a**3. Suppose -9*k + 6*k = 6. Let q be j(k). Let l(c) = -c**2 + 4*c + 2. Determine l(q).
-3
Let f(w) be the second derivative of -w**4/12 - w**3/2 + 11*w**2/2 + 143*w. Give f(-5).
1
Suppose 33 = -12*l + 15*l. Let o(s) = -4 + 9*s + l - s**3 + s**2 - 6*s**2 + 0. What is o(-6)?
-11
Let c(t) = 2*t + 9. Let q be (-3)/12 - (-19)/(-4). Let s be c(q). Let a(h) = 15*h + 1. Determine a(s).
-14
Let b(y) = 3*y - 3. Let d be 0/((-3)/(-2) + 66/(-12)). Give b(d).
-3
Let y(o) = -80*o**2 + 8 - 2*o + 4*o + 36*o**2 + 45*o**2 - 3. Let t be (-4)/6*3*2. Determine y(t).
13
Let o(p) = 71 - p**2 + 4*p**2 - 72 + 3*p**2 - p**3 - 5*p**2. Determine o(-2).
11
Let h(s) = -7*s**3 + s**2 - 2*s - 3. Let w(q) = 15*q**3 - 3*q**2 + 4*q + 7. Let b(i) = -5*h(i) - 2*w(i). What is b(-1)?
-5
Let b(m) = 7 + 11 - m - 4. Give b(6).
8
Let q(d) = 3*d - 3. Let g be -4 + 56/40 - (-8)/(-20). Calculate q(g).
-12
Let t(o) = 4*o**2 + 66*o + 33. Let m(q) = 2*q**2 + 33*q + 16. Let x(z) = 13*m(z) - 6*t(z). What is x(-16)?
-6
Suppose -6 = -2*b + 4. Let h(q) = -q**2 + q + 18. Let r(z) = -3*z**2 + 9*z + 34. Let u(j) = 2*h(j) - r(j). Determine u(b).
-8
Suppose 0 = -18*j + 113 - 5. Let s = 7 - -8. Let t(w) = 7*w + j*w + 6 - s*w. Calculate t(4).
-2
Suppose 2*d = -5*g + 9 - 30, -2*g = -4*d - 6. Let c(l) = -l**3 - 6*l**2 - 4*l + 3. Determine c(g).
-12
Let i(l) = -10*l - l**2 + 16*l**2 - 6*l - l**3 + 22. Let y be i(14). Let b(w) = w**2 + 2*w + 1. Calculate b(y).
25
Suppose 3*r + 0*r = -4*d + 20, -d + 5 = 4*r. Let a(n) = -2*n**3 + 18 - 17 - d*n**2 + 3*n - 3*n**3 + 4*n**3. What is a(-5)?
-14
Let a(u) = u**3 + 7*u**2 - 9*u - 11. Let i be (2/(-20))/(4/50)*-16. Let b be (-7)/(-35) - 82*2/i. Calculate a(b).
-3
Let m(q) = 0 - q**3 - 6 - 11*q**2 + 3 + 4*q**3 - q. Let s(n) = n**3 - n**2 + n - 1. Let o(k) = m(k) - 4*s(k). Determine o(-6).
-5
Let p(r) be the third derivative of r**5/60 - r**4/8 + r**3/3 + 2*r**2. Give p(4).
6
Let o(c) = -3*c**2 + 24*c